ose 4375 = -14*s + n. What is the units digit of s?
1
Let o(w) = w**2 + 34*w - 56. What is the units digit of o(67)?
1
Let m be 2/16 + 348/32. Suppose 12 = m*g - 8*g. What is the tens digit of (g + 198)/(-4 + 6)?
0
Let i be (-39)/3 - (1 + -4). Let n(s) be the second derivative of s**4/12 + s**3/6 - 3*s**2 + 2*s - 2. What is the units digit of n(i)?
4
Let s = 21731 - -6646. What is the thousands digit of s?
8
Let n be (-1)/(-4)*-3*-1048. Suppose 51*p - 84*p + 819 = 84*p. Suppose p*x = x + n. What is the units digit of x?
1
Let l(g) be the third derivative of g**6/40 - g**5/4 - 5*g**4/24 + 17*g**3/6 - 3*g**2 - 6*g. What is the hundreds digit of l(7)?
2
Let w be -2*(12/8)/((-6)/(-10)). Let x be -57*w/25 + 3/5. What is the units digit of 60 + 0*(-4)/x?
0
Let f(m) = 126*m**2 + 7*m + 2. Let d be f(-3). Let s = 2061 - d. What is the units digit of s?
6
Suppose -4*t + 2*q = -t + 1628, 2194 = -4*t - 2*q. Let h = t + 1214. What is the units digit of h?
8
Let k(o) = 2*o. Let b be k(2). Suppose 540 = b*d + 2*d. Suppose 7*p - 8*p = -d. What is the tens digit of p?
9
What is the tens digit of (104731/(-22) + 6)*-8?
3
Let p(m) = m**3 - 20*m**2 + 29*m + 14. Let t be p(42). Suppose t = -12*j + 47*j. What is the thousands digit of j?
1
Let m = 3017 - 1422. What is the tens digit of m?
9
Let z be (5 - (-2688)/(-7)) + 4/1. What is the tens digit of (-34 - z)*(-1)/(-1)?
4
Suppose 5*k + 7*p - 4*p = 678, -538 = -4*k + 2*p. Suppose 16*i - 6809 - k = 0. What is the hundreds digit of i?
4
What is the tens digit of (11735578/8)/19 - (-1)/4?
0
Suppose 3*c + 12 = 3. Let b(h) be the third derivative of -h**6/120 + h**5/60 + h**4/8 + h**3/2 + 3*h**2. What is the units digit of b(c)?
0
Suppose 2*t - 91 + 85 = 0. Suppose -123 = 2*s - t*s - 5*n, 745 = 5*s - n. What is the tens digit of s?
4
Let y = 9 - 8. Let m be (-1 - y - -166) + 4. What is the tens digit of 7/(-4)*m/(-3)?
9
Let z = 11311 + -5198. What is the thousands digit of z?
6
Let x be (0 - (0 + 1))/(2/(-78)). Suppose -c + 1 = -x. Suppose -v + 3*w = -c, -2*v + 85 + 40 = 3*w. What is the units digit of v?
5
Let z(x) = x**2 - 34*x - 44. Let d be z(-25). Suppose -3*c - 3*p = -d, 0 = p - 7 + 3. What is the hundreds digit of c?
4
Let y(t) = t**3 - 31*t**2 + 12*t + 65. Let z be y(27). Let o = z + 4325. What is the units digit of o?
8
Let a(o) = 6 + 23*o + 7 - 24*o. Suppose 3*n = -0*n + 5*s + 41, 3*s = 3*n - 33. What is the units digit of a(n)?
6
Let q(b) be the third derivative of 49*b**4/12 - 65*b**3/6 - 114*b**2. What is the units digit of q(4)?
7
Suppose 4*b = 5*v - 5, 4*b + 27 - 4 = -v. Let c be v*(-3)/(-3) + 7. Suppose 0*l + 5*l - c*f = 557, 220 = 2*l - 3*f. What is the hundreds digit of l?
1
Let i(h) = -2*h**3 + 23*h**2 + 11*h + 14. Let b be i(12). Let k(a) = a - 1. Let q be k(4). What is the units digit of (q + -1)/(b/144)?
4
Let h = 422 + -316. Suppose 240 = h*r - 100*r. What is the units digit of r?
0
Let g be (-6)/(-6) - 1*-1. Suppose 2*l - 25 = -n, -2*n + 6*l = g*l - 10. Suppose 4*k + 3*q - 108 = 0, n = -3*k + 5*q + 67. What is the tens digit of k?
2
Let m(a) = a**3 + a**2 - 2*a - 1. Let q be m(-2). What is the tens digit of 2/12 + ((-5178)/(-36) - q)?
4
Suppose 17 - 7 = 5*u. Let y(w) = w + 5*w + 6 - w. What is the units digit of y(u)?
6
Suppose 0 = -4*h - 2*y + 12, -5*h - 6*y + 2*y = -18. Suppose 3 - 21 = h*t. What is the tens digit of 634/6 - 12/t?
0
Suppose 10*k = 9*k + d + 6437, 2*d = -4. What is the tens digit of k?
3
Let r(d) = -2*d**3 - 8*d**2 + 3*d + 8. Let g(c) = -12*c - 56. Let k be g(-4). What is the hundreds digit of r(k)?
4
Suppose 5*j = 49 + 231. Suppose -51*o + 75 = -j*o. What is the units digit of ((-4)/2)/(o/30)?
4
Suppose -5*k + 3*x + 52 = 0, 5*x = 3*k - 13 - 31. Suppose 2*z - k*y + 3*y - 2107 = 0, z = -2*y + 1067. What is the units digit of z?
1
Let p = 91 - 89. Suppose -j = -l - p*j + 75, j + 4 = 0. Let r = 112 - l. What is the tens digit of r?
3
Suppose -5*t - 74 = 3*w - 4*w, -w - t = -50. Let n = w - -141. What is the hundreds digit of n?
1
Suppose -3*g = -46 - 431. Let v(s) = s**2 - 27*s + 56. Let x be v(19). Let c = x + g. What is the tens digit of c?
6
Suppose -d + 2*z = -2*z + 11, 0 = 2*d + 3*z + 33. Let v(r) = -r**2 - 15*r + 21. Let n be v(d). What is the tens digit of (n - 22)/(1 - 184/182)?
9
Let m be (-6)/9 - -394*(-2)/6. Let y = m - -134. Suppose 0*n = 2*n + 4*g - 428, y*n + 2*g - 424 = 0. What is the units digit of n?
0
Let n = -2070 + 4575. What is the hundreds digit of (n/25 + -6)*5?
4
Let k(o) = 440*o + 90. What is the units digit of k(13)?
0
What is the units digit of 3 - -103386*(12 + (-69)/6)?
6
Let m(p) = 80*p + 2. Let z be m(3). Let d be 44/(-154) - (1 + z/(-14)). What is the tens digit of 161/4 + 12/d?
4
Let p = 20420 - 3490. What is the ten thousands digit of p?
1
Suppose 7*y = -4*y + 5786. Suppose 3*b = y + 491. What is the tens digit of b?
3
Let m = -153 - -153. Suppose -34*j + 9*j + 13150 = m. What is the tens digit of j?
2
Let u(o) = 7*o**2 - 28*o - 21. Let z be u(9). Let l = z + -168. What is the units digit of l?
6
Suppose 66456 = 25*x - 2419. What is the hundreds digit of x?
7
Suppose 3*a + 5*n = 45, -3*n = 3*a + 2*a - 75. Let i = a - 14. What is the units digit of -5 + 5 - (-17 - i)?
8
Let t be (-315)/3 - ((-11 - -8) + 11). Let s(q) = -3*q**3 + 7*q**2 - q + 2. Let c be s(5). Let k = t - c. What is the units digit of k?
0
Let d = -26682 - -38582. What is the tens digit of d?
0
Let m(x) = x**3 + 2*x**2 - 4*x + 1. Let z be m(-3). Let p(u) be the third derivative of 5*u**4/8 - u**3/2 - 45*u**2. What is the units digit of p(z)?
7
Suppose -13*x = -110614 - 39445. Suppose 23*w - x = 6*w. What is the units digit of w?
9
Suppose 74*k - 336 = 62*k. Suppose 19*b - k*b = -1053. What is the tens digit of b?
1
Suppose 52640 = 3*t - o + 3*o, -t + 3*o = -17554. What is the hundreds digit of t?
5
What is the units digit of 815106/75 + 28/(-350)?
8
Let l = 91 + -86. Suppose d = -l*u + 47, -6*u + 121 = 3*d - u. What is the units digit of d?
7
Let c be (-13316)/(-2) - 10/(1 + -3). What is the tens digit of (-6)/(-108)*4 - c/(-27)?
4
Suppose -12521 = -3*b + 7876. What is the tens digit of b?
9
Let i be 4/22 - 256/(-44). What is the tens digit of 1/(-3)*(-24822)/i?
7
Let t = -56 + 46. Let f(v) be the first derivative of v**4/4 + 4*v**3 + 3*v**2 + 3*v + 5. What is the hundreds digit of f(t)?
1
Let w be ((-18)/(-21))/(28/539)*298. Suppose 28*j = w + 2447. What is the hundreds digit of j?
2
Suppose 251846 = 103*q - 121735. What is the tens digit of q?
2
Let a be (-1)/(-7)*4*(-504)/(-144). Suppose r = 5*w - 18, r + a*w + 2 = 3*w. Suppose 0 = -2*o + r*x + x + 351, 0 = o + x - 168. What is the units digit of o?
1
What is the tens digit of 6/(-9)*3*(-18 + -9276)?
8
Let o = 66 - -245. Let t = o - -185. What is the tens digit of t?
9
Let s(c) = c**3 - 14*c**2 - 14*c - 13. Let y be s(15). What is the tens digit of (y - (6 + -109)) + -2?
0
Let b = 360 + -330. What is the tens digit of ((-820)/b)/((-12)/342)?
7
Suppose -3*c + 12 = 0, -2*x - 5*c = -c - 124. Let f(k) = 2*k**3 - k**2 + 67. Let y be f(0). Suppose l = x + y. What is the hundreds digit of l?
1
Let g = -46 + 76. Let p(h) = -h + 6*h**2 + 0*h**2 + g - 4*h**2. What is the units digit of p(8)?
0
Suppose -9351*i = -9370*i + 131081. What is the tens digit of i?
9
Suppose 2*v + 4*z - 33774 = 0, -5322 - 11560 = -v - z. What is the ten thousands digit of v?
1
Suppose -33*u = -15*u - 450. Suppose -u*p + 11*p + 11270 = 0. What is the units digit of p?
5
Let d be 1447/3 + (0 - (-1)/(-3)). Suppose 4*r - d - 1762 = 5*n, 0 = r - n - 562. What is the tens digit of r?
6
Suppose -63*g = -83*g + 65020. What is the hundreds digit of g?
2
Suppose 5*c = 4*a - 0*c - 37, -5 = c. Let z be -2 + a + 7 + -7. What is the units digit of (-2)/((z - -2)/(-33))?
2
Let b(r) = -65*r - 54. Let n be b(-10). Suppose 5*q - n = 2*q + u, 3*q + 5*u - 602 = 0. What is the hundreds digit of q?
1
Suppose o + 23 = 5*t, o + 13 = 4*t + 2*o. Suppose -1878 = -t*d - w, -w - 1882 = -6*d + 2*d. What is the units digit of d?
0
Suppose 0 = -420*u + 425*u - 5*j - 99075, -j = -3*u + 59447. What is the ten thousands digit of u?
1
Let o be (2/6)/(12/540). Let k(c) = c**2 - 10*c + 3. Let a be k(o). What is the units digit of -2*(-3)/12*a?
9
Suppose -32000 = -5*y - d + 145441, 5*y - 177453 = 2